4 divide 20516?
False
Is 7540 a multiple of 116?
True
Is 92 a factor of 89792?
True
Is 123 a multiple of 50?
False
Does 17 divide 28033?
True
Does 55 divide 674?
False
Does 63 divide 1827?
True
Is 11 a factor of 12331?
True
Is 2789 a multiple of 31?
False
Does 4 divide 56?
True
Is 15861 a multiple of 17?
True
Does 58 divide 97750?
False
Is 2352 a multiple of 14?
True
Does 92 divide 6271?
False
Is 563 a multiple of 7?
False
Is 15 a factor of 1767?
False
Is 44730 a multiple of 17?
False
Is 583 a multiple of 11?
True
Does 14 divide 3332?
True
Does 63 divide 1943?
False
Is 24 a factor of 744?
True
Is 54380 a multiple of 5?
True
Is 27 a factor of 5219?
False
Is 3296 a multiple of 97?
False
Is 10 a factor of 614?
False
Is 76 a factor of 6764?
True
Does 18 divide 5163?
False
Is 4680 a multiple of 52?
True
Does 37 divide 1554?
True
Is 2452 a multiple of 30?
False
Does 61 divide 23033?
False
Is 28 a factor of 1971?
False
Does 47 divide 2162?
True
Is 918 a multiple of 17?
True
Does 12 divide 3540?
True
Does 5 divide 6740?
True
Does 12 divide 32251?
False
Is 738 a multiple of 9?
True
Is 20 a factor of 258?
False
Is 52 a factor of 873?
False
Is 16 a factor of 2609?
False
Does 24 divide 1733?
False
Is 207 a multiple of 9?
True
Is 197 a multiple of 14?
False
Is 4770 a multiple of 9?
True
Does 30 divide 210?
True
Is 60 a factor of 2441?
False
Is 3640 a multiple of 35?
True
Does 2 divide 185?
False
Is 5854 a multiple of 14?
False
Is 3507 a multiple of 21?
True
Is 55 a factor of 114675?
True
Is 3132 a multiple of 58?
True
Is 17 a factor of 391?
True
Is 13161 a multiple of 15?
False
Is 328 a factor of 10378?
False
Does 92 divide 4455?
False
Does 6 divide 9360?
True
Does 17 divide 748?
True
Does 13 divide 15067?
True
Is 194 a factor of 35114?
True
Is 6992 a multiple of 98?
False
Does 53 divide 1113?
True
Is 126 a factor of 21016?
False
Does 13 divide 1602?
False
Is 5423 a multiple of 71?
False
Is 84 a factor of 471?
False
Does 32 divide 2401?
False
Is 5749 a multiple of 15?
False
Does 115 divide 65550?
True
Is 2 a factor of 382?
True
Does 3 divide 470?
False
Is 50 a multiple of 9?
False
Does 17 divide 85?
True
Is 2535 a multiple of 13?
True
Is 122 a factor of 3416?
True
Does 17 divide 26826?
True
Is 252 a multiple of 28?
True
Is 2 a factor of 231?
False
Is 10814 a multiple of 56?
False
Is 4 a factor of 32?
True
Is 22 a factor of 7135?
False
Is 27 a factor of 108?
True
Is 360 a factor of 7095?
False
Is 2303 a multiple of 13?
False
Is 1184 a multiple of 37?
True
Is 1540 a multiple of 44?
True
Is 5915 a multiple of 14?
False
Is 7 a factor of 283?
False
Is 5958 a multiple of 24?
False
Does 32 divide 8096?
True
Is 6 a factor of 204?
True
Is 16 a factor of 96736?
True
Is 5060 a multiple of 92?
True
Does 3 divide 3555?
True
Is 318 a factor of 21785?
False
Does 49 divide 2156?
True
Does 203 divide 51156?
True
Is 4 a factor of 279?
False
Is 72 a factor of 18792?
True
Does 9 divide 855?
True
Does 64 divide 99?
False
Does 6 divide 3307?
False
Does 23 divide 345?
True
Is 94 a factor of 12329?
False
Is 292 a multiple of 71?
False
Does 80 divide 3349?
False
Does 11 divide 3775?
False
Does 72 divide 144?
True
Is 55 a factor of 495?
True
Does 64 divide 647?
False
Is 19665 a multiple of 45?
True
Is 144 a factor of 11246?
False
Does 5 divide 360?
True
Is 93 a factor of 1488?
True
Is 19211 a multiple of 190?
False
Is 181 a factor of 211?
False
Is 29 a multiple of 3?
False
Is 11 a factor of 11143?
True
Does 128 divide 6846?
False
Does 19 divide 10819?
False
Does 5 divide 2411?
False
Is 21 a factor of 4305?
True
Is 10818 a multiple of 18?
True
Is 7920 a multiple of 16?
True
Does 52 divide 1141?
False
Is 53 a factor of 42453?
True
Is 155 a factor of 9441?
False
Is 41 a factor of 2952?
True
Is 58865 a multiple of 152?
False
Is 9829 a multiple of 22?
False
Does 11 divide 19217?
True
Is 43 a factor of 15364?
False
Is 2040 a multiple of 60?
True
Is 1260 a multiple of 25?
False
Is 34902 a multiple of 63?
True
Is 32453 a multiple of 262?
False
Is 16940 a multiple of 55?
True
Is 26 a factor of 10386?
False
Does 12 divide 2556?
True
Is 32 a factor of 11424?
True
Is 561 a multiple of 7?
False
Is 1468 a multiple of 15?
False
Is 11 a factor of 528?
True
Does 94 divide 17390?
True
Is 474 a multiple of 23?
False
Does 211 divide 71951?
True
Does 86 divide 7482?
True
Is 3841 a multiple of 34?
False
Is 416 a multiple of 8?
True
Is 12 a factor of 112740?
True
Is 4 a multiple of 4?
True
Does 171 divide 54509?
False
Is 1215 a multiple of 27?
True
Is 339 a factor of 64968?
False
Is 5 a factor of 316?
False
Does 421 divide 139772?
True
Is 3579 a multiple of 178?
False
Is 1647 a multiple of 27?
True
Is 27 a factor of 1620?
True
Is 23 a factor of 20539?
True
Is 35 a factor of 16530?
False
Does 4 divide 152?
True
Does 19 divide 48?
False
Is 12 a factor of 1320?
True
Is 2589 a multiple of 15?
False
Is 18 a factor of 10346?
False
Is 234 a multiple of 6?
True
Is 85 a factor of 2025?
False
Is 2 a factor of 487?
False
Does 58 divide 1001?
False
Is 320 a multiple of 20?
True
Does 45 divide 16955?
False
Does 12 divide 14956?
False
Does 29 divide 234?
False
Is 30 a factor of 1110?
True
Does 14 divide 168?
True
Is 450 a multiple of 18?
True
Is 5632 a multiple of 4?
True
Is 78 a factor of 1497?
False
Is 1368 a multiple of 36?
True
Does 166 divide 2838?
False
Is 3936 a multiple of 19?
False
Is 42 a factor of 1852?
False
Is 213 a factor of 4256?
False
Is 1314 a multiple of 5?
False
Is 3 a factor of 1925?
False
Does 2 divide 9579?
False
Is 5 a factor of 9437?
False
Is 6 a factor of 918?
True
Is 28 a factor of 252?
True
Does 23 divide 1196?
True
Is 164 a multiple of 3?
False
Does 6 divide 344?
False
Is 17957 a multiple of 198?
False
Does 61 divide 14823?
True
Is 755 a multiple of 60?
False
Does 39 divide 9838?
False
Does 47 divide 1128?
True
Does 40 divide 9157?
False
Does 24 divide 624?
True
Does 74 divide 132678?
False
Is 15195 a multiple of 23?
False
Is 16 a factor of 46400?
True
Is 13 a factor of 42679?
True
Does 59 divide 299?
False
Does 82 divide 25092?
True
Is 13529 a multiple of 83?
True
Does 31 divide 4557?
True
Is 7 a factor of 1981?
True
Is 21628 a multiple of 19?
False
Is 11 a factor of 11759?
True
Is 174 a factor of 6166?
False
Does 11 divide 781?
True
Does 131 divide 18078?
True
Is 521 a multiple of 33?
False
Does 151 divide 11325?
True
Does 18 divide 636?
False
Does 28 divide 8305?
False
Does 23 divide 2519?
False
Is 39 a factor of 195?
True
Does 73 divide 4234?
True
Is 2821 a multiple of 96?
False
Does 6 divide 1232?
False
Is 81 a factor of 1397?
False
Is 17048 a multiple of 8?
True
Does 27 divide 324?
True
Is 34920 a multiple of 194?
True
Is 636 a multiple of 53?
True
Does 11 divide 13932?
False
Is 40 a factor of 7057?
False
Does 13 divide 598?
True
Is 326 even?
True
Is 11 a factor of 1705?
True
Is 45 a factor of 4185?
True
Is 5882 a multiple of 34?
True
Does 9 divide 305?
False
Is 77 a multiple of 7?
True
Is 1096 a multiple of 24?
False
Does 68 divide 2856?
True
Is 66 a factor of 6270?
True
Does 17 divide 1802?
True
Is 7 a factor of 399?
True
Is 3108 a multiple of 28?
True
Is 27 a factor of 991?
False
Is 8 a factor of 320?
True
Is 7714 a multiple of 29?
True
Does 10 divide 46?
False
Is 73890 a multiple of 18?
True
Does 136 divide 9928?
True
Is 756 a multiple of 54?
True
Is 1278 a multiple of 4?
False
Is 61 a factor of 1525?
True
Is 3 a factor of 247?
False
Is 662 a multiple of 7?
False
Is 28 a factor of 448?
True
Is 9 a factor of 280?
False
Does 11 divide 85472?
False
Is 184 a multiple of 13?
False
Is 26 a factor of 4940?
True
Does 8 divide 48?
True
Does 2 divide 76?
True
Is 20 a multiple of 20?
True
Is 3075 a multiple of 19?
False
Is 12 a factor of 3744?
True
Is 288 a factor of 60831?
False
Does 5 divide 4184?
False
Does 11 divide 18268?
False
Is 8883 a multiple of 63?
True
Is 495 a multiple of 45?
True
Does 6 divide 1733?
False
Does 6 divide 90?
True
Is 16 a factor of 8457?
False
Does 14 divide 6270?
False
Does 49 divide 3933?
False
Is 13 a factor of 28942?
False
Does 111 divide 1443?
True
Does 17 divide 561?
True
Is 65 a factor of 85?
False
Is 2604 a multiple of 15?
False
Is 1625 a multiple of 13?
True
Does 61 divide 915?
True
Is 2268 a multiple of 23?
False
Is 20706 a multiple of 21?
True
Does 